{"version":"1.0","provider_name":"Fogy\u00e1som t\u00f6rt\u00e9nete","provider_url":"https:\/\/edithfogyasa.cafeblog.hu","author_name":"Edit Edit","author_url":"https:\/\/edithfogyasa.cafeblog.hu\/author\/heinrichne79gmail-com\/","title":"\u00d6nmagunk legy\u00fcnk.... ","html":"<p>T\u00f6bb fogy\u00f3k\u00far\u00e1s egym\u00e1st seg\u00edt\u0151 csoportba vagyok benn.\u00c9s mindig meglep\u0151dve olvasom, hogy \u00edrj\u00e1k f\u0151leg a n\u0151k, hogy jaj \u00e9n ilyen szeretn\u00e9k lenni, \u00e9n olyan testet szeretn\u00e9k mint ennek vagy annak.<br \/> \u00c9s \u00e9n ezt nem \u00e9rtem...<br \/> Mi\u00e9rt akarnak m\u00e1sok lenni mint akik????<br \/> \u00c9n is voltam \u00edgy, de az m\u00e9g kiskamasz koromba volt. Gyerek fejjel...<br \/> Itt pedig \u00e9rett feln\u0151tt n\u0151kr\u0151l besz\u00e9lek.<span class=\"text_exposed_show\"><br \/> Nem is olyan r\u00e9g besz\u00e9lgettem egy bar\u00e1tn\u0151mmel \u00e9ppen err\u0151l.<br \/> \u00c9n mi\u00f3ta fogyok, \u00e9s v\u00e1ltozok testeben \u00e9s l\u00e9lekben eszembe se jut, hogy m\u00e1shoz hasonl\u00edtsam magam.<br \/> \u00c9n vagyok \u00e9n. Megszerettem magam, nem szeretn\u00e9k m\u00e1s lenni, az \u00e9n testem \u00e9n felelek \u00e9rte. <br \/> Szeretni kell magunkat, szeretni kell azt akit a t\u00fck\u00f6rbe l\u00e1tunk.<br \/> Tudom ez nem mindig k\u00f6nny\u0171 dolog, de szerintem en\u00e9lk\u00fcl nem lesz\u00fcnk k\u00e9pesek a v\u00e1ltoz\u00e1sra.<br \/> \u00c9s sokszor hallom ezt is , \u00e9s van is benne valami, hogyha mi szeretj\u00fck \u00e9s elfogadjuk magunkat ezt m\u00e1sok is \u00e9szreveszik <i class=\"_4-k1 img sp_A5xgVemSHVm sx_25a087\"><span style=\"text-decoration: underline\">grin hangulatjel<\/span><\/i> <br \/> \u00c9s ha magunkat szeretj\u00fck \u00e9s elfogadjuk, minket is k\u00f6nnyebben elfogadnak m\u00e1sok.<\/span><\/p>\r\n<div>\r\n<p>Edith<\/p>\r\n<\/div>","type":"rich"}

Fogyásom története

Önmagunk legyünk....

<p>Több fogyókúrás egymást segítő csoportba vagyok benn.És mindig meglepődve olvasom, hogy írják főleg a nők, hogy jaj én ilyen szeretnék lenni, én olyan testet szeretnék mint ennek vagy annak.<br /> És én ezt nem értem...<br /> Miért akarnak mások lenni mint akik????<br /> Én is voltam így, de az még kiskamasz koromba volt. Gyerek fejjel...<br /> Itt pedig érett felnőtt nőkről beszélek.<span class="text_exposed_show"><br /> Nem is olyan rég beszélgettem egy barátnőmmel éppen erről.<br /> Én mióta fogyok, és változok testeben és lélekben eszembe se jut, hogy máshoz hasonlítsam magam.<br /> Én vagyok én. Megszerettem magam, nem szeretnék más lenni, az én testem én felelek érte. <br /> Szeretni kell magunkat, szeretni kell azt akit a tükörbe látunk.<br /> Tudom ez nem mindig könnyű dolog, de szerintem enélkül nem leszünk képesek a változásra.<br /> És sokszor hallom ezt is , és van is benne valami, hogyha mi szeretjük és elfogadjuk magunkat ezt mások is észreveszik <i class="_4-k1 img sp_A5xgVemSHVm sx_25a087"><span style="text-decoration: underline">grin hangulatjel</span></i> <br /> És ha magunkat szeretjük és elfogadjuk, minket is könnyebben elfogadnak mások.</span></p>
<div>
<p>Edith</p>
</div>
