{"version":"1.0","provider_name":"Fogy\u00e1som t\u00f6rt\u00e9nete","provider_url":"https:\/\/edithfogyasa.cafeblog.hu","author_name":"Edit Edit","author_url":"https:\/\/edithfogyasa.cafeblog.hu\/author\/heinrichne79gmail-com\/","title":"\u00dajrakezd\u00e9s ...","html":"<p>Nem hiszek a v\u00e9letlenekbe, tudom \u00e9rzem, hogy mindennek ami t\u00f6rt\u00e9nik oka van!<\/p>\r\n<p>Annak is, hogy \u00e9pp ma kezdem \u00fajra \u00edrni ezt a blogot!<\/p>\r\n<p>Rengeteg dolog t\u00f6rt\u00e9nt az elm\u00falt k\u00e9t \u00e9vben. J\u00f3k \u00e9s rosszak is egyar\u00e1nt. Fel kellett n\u0151n\u00f6m, igen tudom furcsa ezt hallani egy 38 \u00e9ves n\u0151 sz\u00e1j\u00e1b\u00f3l, de ez az igazs\u00e1g....<\/p>\r\n<p>Sikeres 40 kil\u00f3s fogy\u00e1st k\u00f6vet\u0151en, elengedtem magam. \u00c9s j\u00f6tt a jo-jo effektus, az els\u0151 1 \u00e9vben felszaladt 20 kil\u00f3, le se szartam, \u00fagy voltam vele, hogy kicsit odafigyelek \u00e9s ok\u00e9 lesz minden.<\/p>\r\n<p>Tavaly \/ \u00e9s itt j\u00f6n, hogy minden okkal t\u00f6rt\u00e9nik \/ Sz\u00f3val pontosan egy \u00e9ve \u00e9desap\u00e1m v\u00e1ratlanul k\u00f3rh\u00e1zba ker\u00fclt. El\u0151tte pedig j\u00faniusba kider\u00fclt, hogy bab\u00e1t v\u00e1rok. Sz\u00f6rny\u0171 \u00e9s gy\u00f6ny\u00f6r\u0171 id\u0151szak volt. Elvesztettem magam, nem \u00e9rdekelt semmi csak, hogy a bab\u00e1nak ne legyen baja.\u00a0 Azt\u00e1n j\u00f6tt a csap\u00e1s apu 2016.09.01-\u00e9n elment. Mintha az \u00e9letem egy darabja elsz\u00e1llt volna, az eg\u00e9sz gyerekkoromat vele t\u00f6lt\u00f6ttem :( el se tudtam hinni , hogy ez megt\u00f6rt\u00e9nhet....<\/p>\r\n<p>\u00c9s ahogy a mond\u00e1s sz\u00f3l... \" Az \u00e9let megy tov\u00e1bb \"<\/p>\r\n<p>Teletek a hetek h\u00f3napok, \u00e9s nem csak a pocakom n\u0151tt hanem a s\u00falyom is. Majd febru\u00e1rba megsz\u00fcletett a m\u00e1sodik kisfiam :)<\/p>\r\n<p>Itt m\u00e1r \u00e9reztem, hogy nem lesz ez j\u00f3, nehezen mozogtam, sz\u00f3val rossz volt a k\u00f6z\u00e9rzetem is emiatt.\u00a0 Gondoltam akkor nem eszem \u00e9dess\u00e9get, cukrot, feh\u00e9r lisztes dolgokat, \u00e9s napi 1500 kal\u00f3ri\u00e1t ettem. Pikk-pakk le is ment 14 kil\u00f3, repestem a boldogs\u00e1gt\u00f3l. Igen \u00e1m, de ezzel egy\u00fctt elvesztettem \u00f6nmagam is, fesz\u00fclt voltam \u00e9s borzaszt\u00f3an magam alatt, hi\u00e1ba a fogy\u00e1s. Ekkor r\u00e1j\u00f6ttem, hogy amit csin\u00e1lok, j\u00f3, de k\u00f6zel sem t\u00f6k\u00e9letes.<\/p>\r\n<p>\u00c1lland\u00f3an b\u00fajtam a di\u00e9t\u00e1s \u00e9letm\u00f3dv\u00e1lt\u00e1ssal kapcsolatos oldalakat sz\u00edvtam magamba sz inf\u00f3kat :D<\/p>\r\n<p>V\u00e9g\u00fcl r\u00e1tal\u00e1ltam egy programra \/ err\u0151l k\u00e9s\u0151bb \u00edrok, csak egyeztetek a tulajjal :D \/<\/p>\r\n<p>Ezt 4 napja kezdtem el, \u00e9s eddig iszonyatosan j\u00f3. R\u00e1ad\u00e1sul ami fontos, hogy nem vagyok \u00e9hes.<\/p>\r\n<p>A bloggal szeretn\u00e9k azoknak a friss, \u00fajdons\u00fclt anyuciknak is seg\u00edteni akik hasonl\u00f3 cip\u0151ben j\u00e1rnak mint \u00e9n.<\/p>\r\n<p>&nbsp;<\/p>\r\n<p>Folyt k\u00f6v...<\/p>","type":"rich"}

Fogyásom története

Újrakezdés ...

<p>Nem hiszek a véletlenekbe, tudom érzem, hogy mindennek ami történik oka van!</p>
<p>Annak is, hogy épp ma kezdem újra írni ezt a blogot!</p>
<p>Rengeteg dolog történt az elmúlt két évben. Jók és rosszak is egyaránt. Fel kellett nőnöm, igen tudom furcsa ezt hallani egy 38 éves nő szájából, de ez az igazság....</p>
<p>Sikeres 40 kilós fogyást követően, elengedtem magam. És jött a jo-jo effektus, az első 1 évben felszaladt 20 kiló, le se szartam, úgy voltam vele, hogy kicsit odafigyelek és oké lesz minden.</p>
<p>Tavaly / és itt jön, hogy minden okkal történik / Szóval pontosan egy éve édesapám váratlanul kórházba került. Előtte pedig júniusba kiderült, hogy babát várok. Szörnyű és gyönyörű időszak volt. Elvesztettem magam, nem érdekelt semmi csak, hogy a babának ne legyen baja.  Aztán jött a csapás apu 2016.09.01-én elment. Mintha az életem egy darabja elszállt volna, az egész gyerekkoromat vele töltöttem :( el se tudtam hinni , hogy ez megtörténhet....</p>
<p>És ahogy a mondás szól... " Az élet megy tovább "</p>
<p>Teletek a hetek hónapok, és nem csak a pocakom nőtt hanem a súlyom is. Majd februárba megszületett a második kisfiam :)</p>
<p>Itt már éreztem, hogy nem lesz ez jó, nehezen mozogtam, szóval rossz volt a közérzetem is emiatt.  Gondoltam akkor nem eszem édességet, cukrot, fehér lisztes dolgokat, és napi 1500 kalóriát ettem. Pikk-pakk le is ment 14 kiló, repestem a boldogságtól. Igen ám, de ezzel együtt elvesztettem önmagam is, feszült voltam és borzasztóan magam alatt, hiába a fogyás. Ekkor rájöttem, hogy amit csinálok, jó, de közel sem tökéletes.</p>
<p>Állandóan bújtam a diétás életmódváltással kapcsolatos oldalakat szívtam magamba sz infókat :D</p>
<p>Végül rátaláltam egy programra / erről később írok, csak egyeztetek a tulajjal :D /</p>
<p>Ezt 4 napja kezdtem el, és eddig iszonyatosan jó. Ráadásul ami fontos, hogy nem vagyok éhes.</p>
<p>A bloggal szeretnék azoknak a friss, újdonsült anyuciknak is segíteni akik hasonló cipőben járnak mint én.</p>
<p>&nbsp;</p>
<p>Folyt köv...</p>
